greatest common factor of f and 9?
9
Let g(h) = -h**3 - 23*h**2 + 25*h + 49. Let y be g(-24). What is the highest common factor of 175 and y?
25
Suppose -5*v = 4*k - 116, -4*v + 5 = 4*k - 91. Let f = -17 - -21. What is the highest common factor of f and v?
4
Let i(d) = d**3 + 7*d**2 + 6. Suppose 2*t + 3 + 9 = 0. Let n be i(t). What is the greatest common divisor of 14 and n?
14
Suppose 3*q + 3*l = -l - 245, -3*q - 5*l = 250. Let j = -46 - q. Let h = j - 21. Calculate the highest common factor of h and 24.
8
Suppose 20 = 5*o + 5*g, 2*o - 5*g = 4*o - 8. Calculate the greatest common factor of o and 12.
4
Let s be (-884)/(-10) - (-2)/(-5). Let v(o) = -3*o - 7. Let t = -2 - 4. Let n be v(t). What is the highest common divisor of n and s?
11
Let f = -5 - -11. Calculate the highest common factor of 4 and f.
2
Let g(r) = -r**3 + 9*r**2 + 2*r - 8. Let q be g(9). Let l be (-78)/(-5) + (-6)/10. Calculate the highest common divisor of l and q.
5
Suppose 4*y - 4 = 6*y. Let b(z) = -2*z + 1. Let i be b(y). Calculate the greatest common factor of i and 45.
5
Let g be (-3 + 21/15)*-85. Let b = g + -97. Calculate the highest common divisor of b and 13.
13
Let m be 2/(5/2 - 2). What is the highest common divisor of m and 18?
2
Let h(c) = c + 12. Let d be h(-6). What is the greatest common divisor of d and 6?
6
Let f = 4 - 39. Let l be 4/14 - 445/f. Calculate the greatest common factor of l and 13.
13
Suppose -5*p + 2*c = 0, 5*p - 3*p - c = 0. Suppose p*s = s + 30. Let y = s + 51. What is the highest common factor of 3 and y?
3
Suppose -2*m = 4*v + 16, -4*v - 4*m - 24 + 8 = 0. Let p = 15 + v. Let l = -2 + p. What is the highest common factor of 72 and l?
9
Let r be ((-3)/6)/((-2)/(-8)). Let n be (-195)/(-9) - r/(-3). Calculate the highest common divisor of n and 63.
21
Suppose -n + 3*n = 3*z - 15, -2*z + 2*n + 12 = 0. Suppose 5*m - 7 = -l, z*l - 2*m + 19 = 3*m. Let j = l - -5. What is the highest common factor of j and 10?
2
Suppose 7*c + 11*c = 612. What is the highest common divisor of c and 374?
34
Suppose 4*b + 18 = -2*i, -b + 2*b = 2*i - 2. Let o be 6/(b/(-288)*2). Calculate the highest common divisor of o and 24.
24
Let m(x) = 2*x + 19. Let r be m(13). Let o(z) = -5*z + 2. Let d be o(-7). Let v = d - 22. What is the highest common divisor of v and r?
15
Let t(s) = -s**3 + 13*s**2 - 13*s + 2. Let w be t(10). What is the greatest common divisor of 43 and w?
43
Suppose -5*y = -0*y - 205. Suppose y - 9 = d. What is the greatest common factor of d and 16?
16
Suppose 84 - 512 = -5*n - 3*w, -5*w - 20 = 0. Calculate the highest common divisor of 8 and n.
8
Let p = -5 + 9. Suppose -z = p*z - 45. What is the greatest common divisor of 3 and z?
3
Let h(n) = n**2 - 7*n - 32. Let v be h(11). Calculate the greatest common divisor of 3 and v.
3
Let l be -1 + (-12)/3 - 0. Let o(n) = -7*n - 6. Let m be o(l). What is the greatest common divisor of m and 29?
29
Suppose 2*s - 105 = -9. Suppose 0 = 4*d + 3*o - 79, -2*o = d - 2*d + 6. What is the highest common divisor of s and d?
16
Let p be 1*17/(85/1650). Calculate the highest common factor of p and 11.
11
Suppose -2*u + 57 = -15. Let r be 12 + (-2)/(-4)*0. What is the greatest common factor of u and r?
12
Suppose 5*v - 4*n + 5*n = 1, 4 = -4*v + 4*n. Let g = v - -3. Suppose 2*h - 36 = -0*h. Calculate the greatest common factor of g and h.
3
Suppose 2*u = 2*w - 16, 5*w - 16 - 31 = -2*u. What is the highest common divisor of 45 and w?
9
Let a be (-43)/(-4) - 6/(-24). Calculate the greatest common divisor of 11 and a.
11
Suppose 4*c = n + 56, -4*n + 0*n = 0. Calculate the greatest common divisor of 7 and c.
7
Let u = -3 + 3. Suppose u = 2*k + 3*k - 65. What is the highest common factor of 52 and k?
13
Suppose 0*h = -2*h + 36. Let m(f) = f**3 + 4*f**2 - 6*f + 4. Let q be m(-5). What is the greatest common divisor of h and q?
9
Let h(l) = -2*l + 5. Suppose -3*f = c - 9, f + 4 - 2 = -2*c. Let g be h(f). Let d be 3 - ((-2 - g) + -18). Calculate the greatest common divisor of d and 40.
20
Let t = -4 - -7. Suppose -2*b = -t*b. Suppose 2*h - 7*h + 70 = b. Calculate the highest common factor of 2 and h.
2
Let l(u) = -u**3 + 14*u**2 + 9*u. Let g be l(14). What is the highest common divisor of 18 and g?
18
Let s(k) = 25*k - 1. Let y be s(1). Let z = 26 + 10. Calculate the greatest common divisor of z and y.
12
Let b(p) be the third derivative of p**6/120 + p**5/6 - p**4/24 - p**2. Let v be b(-10). What is the highest common factor of v and 25?
5
Let x(y) = y**2 + 4*y - 4. Let t = 1 - 6. Let r be x(t). Let m(p) = 33*p**2 - 1. Let w be m(r). Calculate the highest common factor of 48 and w.
16
Let k be 44/16 + 9/(-12). Suppose 0 = h - 2*j - 4 - 13, k*j = 2*h - 38. What is the greatest common factor of h and 3?
3
Let q(j) = 2*j**2 + 2*j - 31. Let r(d) = -d**2 - d + 15. Let f(y) = 2*q(y) + 5*r(y). Let h be f(0). Calculate the highest common divisor of h and 117.
13
Suppose 0 = 2*z + s + 4 - 10, 3*s - 14 = -5*z. Suppose -z - 5 = -y. What is the greatest common factor of 1 and y?
1
Suppose 2*s - 10 = -3*s. Let z = 4 + s. Let i be (0 + 2 + 2)*z. What is the greatest common factor of 60 and i?
12
Let m(r) be the second derivative of 77/2*r**2 + 1/12*r**4 + 1/6*r**3 + 3*r - 1/20*r**5 + 0. Let i be m(0). What is the highest common divisor of i and 7?
7
Let d be -3*2*(-2)/3. Suppose -3*p + 29 = -d. What is the highest common divisor of p and 11?
11
Let m be (48/36)/(-2 + 86/42). What is the highest common divisor of 7 and m?
7
Suppose 3*c - 4*d - 133 = 2*c, -369 = -3*c + 2*d. Let h = 29 - 18. What is the greatest common divisor of c and h?
11
Let t(v) = -v + 1. Let s be t(-3). Suppose -s*w + 12 = -28. What is the greatest common factor of w and 90?
10
Let j = -56 + 40. Let p = 26 + j. Calculate the highest common divisor of 70 and p.
10
Let r be ((-6)/2)/(-4 - 122/(-32)). Calculate the greatest common factor of r and 128.
16
Let m(o) = o - o - 60 - o - o**3. Let v be m(0). Let a be (3 - 2) + -1 - v. Calculate the greatest common factor of a and 15.
15
Let h(y) = -10*y - 3. Let z be h(-1). Suppose -2*w = -z*w + 990. What is the highest common divisor of 18 and w?
18
Suppose 2*v = 3*v + r - 47, -2*r = -6. What is the highest common divisor of 4 and v?
4
Let h = -14 + 6. Let f = 4 + h. Let b be 4/f*4/(-2). What is the greatest common divisor of b and 5?
1
Suppose -3*w + 11 = l, -8 = -2*l - 4*w + 8. Suppose -22 - 6 = -l*v. Calculate the highest common factor of 154 and v.
14
Let u = 8 + 10. Let o(c) = -3*c - 1. Let q be o(-1). What is the highest common factor of q and u?
2
Let l = -2 + 4. Suppose -4*h - 469 = -5*b, 7*b = 3*b + l*h + 380. Let n = 197 - b. What is the greatest common factor of n and 40?
20
Suppose -4*y - 3*q + 2 = 1, 2*q + 22 = 3*y. Calculate the greatest common factor of 20 and y.
4
Suppose -2 - 3 = -m. Suppose 3*a = m*a - 8. Suppose 6 = s - a. Calculate the greatest common factor of s and 10.
10
Suppose -3*a + 2*a = 3*g - 54, -4*g - 2*a = -70. Suppose -g - 23 = -3*b. Calculate the highest common factor of b and 56.
14
Let t = -9 + 25. Calculate the highest common factor of t and 4.
4
Suppose 13 + 49 = 2*d. Calculate the highest common factor of 279 and d.
31
Suppose -3*p - 3 = 0, 0 = 2*t - 3*t + 4*p + 20. Calculate the greatest common factor of 304 and t.
16
Let b(n) = -17*n - 2. Let i be b(-4). Calculate the highest common divisor of i and 6.
6
Let y be 5*3/((-15)/(-2)). Suppose -2*g + g + 7 = 0. Let v be 3*1 + (g - -12). Calculate the highest common divisor of v and y.
2
Suppose 17 = 2*g - 1. Suppose 5*p - 2*b - 3*b - 60 = 0, b + 39 = 4*p. Suppose -5*f + 2*f = -p. What is the highest common factor of f and g?
3
Let f(w) = 19*w**2 - w + 1. Let h be f(-1). What is the greatest common factor of h and 21?
21
Let b(x) = x**2 + 23. Let w be b(0). Let s = w - 13. Calculate the greatest common divisor of s and 30.
10
Suppose -5*q + q + 20 = 0. Suppose 3*h = 4*z + 45, -55 + 141 = q*h - 3*z. Calculate the greatest common factor of 57 and h.
19
Suppose 0 = -3*f - 2*f. Suppose 4*c - 2*c - 20 = f. Calculate the highest common factor of 1 and c.
1
Let m(q) = q - 2. Let f be m(4). Let h be f/(-3)*(-6)/(-4). Let n be 95/(-3)*3*h. What is the highest common divisor of n and 38?
19
Suppose 15*b - 259 = -34. Calculate the greatest common factor of